{"id":177,"date":"2015-05-11T15:59:30","date_gmt":"2015-05-11T15:59:30","guid":{"rendered":"https:\/\/www.cajaforensesantafe.org.ar\/?page_id=177"},"modified":"2025-08-12T12:18:33","modified_gmt":"2025-08-12T12:18:33","slug":"subsidios","status":"publish","type":"page","link":"https:\/\/www.cajaforensesantafe.org.ar\/?page_id=177","title":{"rendered":"Subsidios"},"content":{"rendered":"<div class=\"wpb-content-wrapper\"><p>[vc_row][vc_column][vc_column_text]<a href=\"https:\/\/www.cajaforensesantafe.org.ar\/wp-content\/uploads\/2015\/05\/subsidios.jpg\"><img loading=\"lazy\" decoding=\"async\" class=\"alignnone wp-image-282 size-full\" src=\"https:\/\/www.cajaforensesantafe.org.ar\/wp-content\/uploads\/2015\/05\/subsidios.jpg\" alt=\"subsidios\" width=\"987\" height=\"264\" srcset=\"https:\/\/www.cajaforensesantafe.org.ar\/wp-content\/uploads\/2015\/05\/subsidios.jpg 987w, https:\/\/www.cajaforensesantafe.org.ar\/wp-content\/uploads\/2015\/05\/subsidios-300x80.jpg 300w\" sizes=\"auto, (max-width: 987px) 100vw, 987px\" \/><\/a><\/p>\n<h3 class=\"widget-title\"><\/h3>\n<h3><span style=\"color: #3366ff;\"><strong>Subsidios para nuestros afiliados<\/strong><\/span><\/h3>\n<p>La Caja Forense dispone de una cartilla de subsidios que abarcan diferentes beneficios para sus afiliados. Ud. podr\u00e1 acceder a un mayor detalle:[\/vc_column_text][\/vc_column][\/vc_row][vc_row][vc_column][vc_empty_space height=\u00bb20px\u00bb][\/vc_column][\/vc_row][vc_row][vc_column][vc_column_text css=\u00bb.vc_custom_1489410587221{background-color: #1e73be !important;}\u00bb]<\/p>\n<p><strong><span style=\"color: #ffffff;\">\u00a0 \u00a0 Subsidios que se tramitan en el AREA SALUD:<\/span><\/strong><\/p>\n<p>[\/vc_column_text][\/vc_column][\/vc_row][vc_row][vc_column][vc_empty_space height=\u00bb20px\u00bb][\/vc_column][\/vc_row][vc_row][vc_column][vc_column_text]<strong><span style=\"color: #3366ff;\">LUCRO CESANTE <\/span><\/strong><\/p>\n<p><span style=\"color: #000000;\">Se reconocer\u00e1 este subsidio a los afiliados titulares en actividad, que estando en uso y goce de todos los beneficios asistenciales, tuvieran un per\u00edodo de internaci\u00f3n no inferior a los siete (7) d\u00edas, con verificaci\u00f3n de auditor\u00eda m\u00e9dica de la Instituci\u00f3n. Deber\u00e1 solicitarlo por nota, adjuntando la certificaci\u00f3n sanatorial que justifique dicha internaci\u00f3n. Este beneficio tiene un tope m\u00e1ximo de reconocimiento treinta (30) d\u00edas por a\u00f1o y el monto ser\u00e1 fijado por el Directorio.<\/span><\/p>\n<p><strong><span style=\"color: #3366ff;\">ORTOPEDICOS <\/span><\/strong><\/p>\n<p><span style=\"color: #000000;\">Para calzados especiales, plantillas, aud\u00edfonos, etc. se reconocer\u00e1 hasta el 50% del monto abonado siempre y cuando \u00e9ste no exceda el tope anual que para cada caso est\u00e1 establecido. Deber\u00e1 presentar la factura original y receta m\u00e9dica correspondiente. En caso de aud\u00edfonos, deber\u00e1 presentar como m\u00ednimo dos (2) presupuestos<\/span>[\/vc_column_text][\/vc_column][\/vc_row][vc_row][vc_column][vc_empty_space height=\u00bb20px\u00bb][\/vc_column][\/vc_row][vc_row][vc_column][vc_column_text css=\u00bb.vc_custom_1561594205854{background-color: #1e73be !important;}\u00bb]<\/p>\n<p><strong><span style=\"color: #ffffff;\">\u00a0 Subsidio por ANTEOJOS<\/span><\/strong><\/p>\n<p>[\/vc_column_text][\/vc_column][\/vc_row][vc_row][vc_column][vc_empty_space height=\u00bb20px\u00bb][\/vc_column][\/vc_row][vc_row][vc_column][vc_column_text css=\u00bb\u00bb]<b>Convenio entre la Caja Forense, la C\u00e1mara de \u00d3pticas de la Ciudad de Santa Fe y la Red OPTIMUR<\/b><\/p>\n<p>Este subsidio se tramita directamente en la \u00f3ptica, previa autorizaci\u00f3n de parte de la Caja Forense, v\u00eda email a <strong><span style=\"color: #000080;\">autorizaciones@cajaforensesantafe.org.ar<\/span><\/strong>[\/vc_column_text][\/vc_column][\/vc_row][vc_row][vc_column][vc_empty_space][\/vc_column][\/vc_row][vc_row][vc_column width=\u00bb1\/3&#8243;][vc_column_text css=\u00bb.vc_custom_1620001212189{background-color: #1e73be !important;}\u00bb]<\/p>\n<p style=\"text-align: center;\"><span style=\"color: #ffffff;\"><strong><a style=\"color: #ffffff;\" href=\"https:\/\/www.cajaforensesantafe.org.ar\/wp-content\/uploads\/2021\/05\/subsidios_anteojos.pdf\">INSTRUCTIVO<\/a><\/strong><\/span><\/p>\n<p>[\/vc_column_text][\/vc_column][vc_column width=\u00bb1\/3&#8243;][vc_column_text css=\u00bb.vc_custom_1563752956337{background-color: #1e73be !important;}\u00bb]<\/p>\n<p style=\"text-align: center;\"><a href=\"https:\/\/www.cajaforensesantafe.org.ar\/wp-content\/uploads\/2019\/06\/Padr\u00f3n-de-OPTICAS-convenidas-con-CF-Julio-2019.pdf\" target=\"_blank\" rel=\"noopener\"><span style=\"color: #ffffff;\"><b style=\"color: #993300;\"><span style=\"color: #ffffff;\">PADR\u00d3N<\/span> <\/b><b><span style=\"color: #ffffff;\">\u00d3<\/span>PTICAS<\/b><b style=\"color: #993300;\">\u00a0<span style=\"color: #ffffff;\">CAMARA SANTA FE<\/span><\/b><\/span><\/a><\/p>\n<p>[\/vc_column_text][\/vc_column][vc_column width=\u00bb1\/3&#8243;][vc_column_text css=\u00bb.vc_custom_1563753525702{background-color: #1e73be !important;}\u00bb]<\/p>\n<p style=\"text-align: center;\"><span style=\"color: #ffffff;\"><strong><a style=\"color: #ffffff;\" href=\"https:\/\/www.cajaforensesantafe.org.ar\/wp-content\/uploads\/2019\/08\/Opticas-Red-Optimur-Agosto-2019-1.pdf\" target=\"_blank\" rel=\"noopener\">PADR\u00d3N \u00d3PTICAS\u00a0RED OPTIMUR<\/a><\/strong><\/span><\/p>\n<p>[\/vc_column_text][\/vc_column][\/vc_row][vc_row][vc_column][vc_empty_space][\/vc_column][\/vc_row][vc_row][vc_column][vc_column_text css=\u00bb.vc_custom_1561594304741{background-color: #1e73be !important;}\u00bb]<\/p>\n<p><span style=\"color: #ffffff;\"><strong>\u00a0 \u00a0 Subsidios que se tramitan en el AREA CONTADUR\u00cdA<\/strong>:<\/span><\/p>\n<p>[\/vc_column_text][\/vc_column][\/vc_row][vc_row][vc_column][vc_empty_space][\/vc_column][\/vc_row][vc_row][vc_column][vc_column_text]<strong><span style=\"color: #3366ff;\">SEPELIO <\/span><\/strong><\/p>\n<p><span style=\"color: #000000;\">Este subsidio se otorga al afiliado titular no cubierto en el art. 58 de la ley 10727 y al c\u00f3nyuge que est\u00e9n en uso y goce de los beneficios de la Caja. En el caso del c\u00f3nyuge, \u00e9ste deber\u00e1 estar inscripto en una antig\u00fcedad mayor a 90 d\u00edas. Para el caso de los afiliados titulares cubiertos por este subsidio por sepelio reglamentado en el art. 58 de la ley 10727, la Caja Forense brindar\u00e1 a quien lo solicite la misma atenci\u00f3n que en los dem\u00e1s casos, gestionando la cobertura prevista por Convenios suscriptos por la Caja ante la prestadora del servicio f\u00fanebre y ante la Caja de Seguridad Social para Abogados y Procuradores. En el caso de optarse por el servicio de otra obra social o prestadora de un servicio f\u00fanebre, podr\u00e1 solicitarse reintegro siempre que la diferencia no superare el monto que la Caja Forense tiene prevista y\/o contratada con la Asociaci\u00f3n F\u00fanebre. Al solicitar el reintegro, deber\u00e1 acompa\u00f1ar nota y factura detallada original.<\/span>[\/vc_column_text][\/vc_column][\/vc_row]<\/p>\n<\/div>","protected":false},"excerpt":{"rendered":"<p>[vc_row][vc_column][vc_column_text] Subsidios para nuestros afiliados La Caja Forense dispone de una cartilla de subsidios que abarcan diferentes beneficios para sus afiliados. Ud. podr\u00e1 acceder a un mayor detalle:[\/vc_column_text][\/vc_column][\/vc_row][vc_row][vc_column][vc_empty_space height=\u00bb20px\u00bb][\/vc_column][\/vc_row][vc_row][vc_column][vc_column_text css=\u00bb.vc_custom_1489410587221{background-color: #1e73be !important;}\u00bb] \u00a0 \u00a0 Subsidios que se tramitan en el AREA SALUD: [\/vc_column_text][\/vc_column][\/vc_row][vc_row][vc_column][vc_empty_space height=\u00bb20px\u00bb][\/vc_column][\/vc_row][vc_row][vc_column][vc_column_text]LUCRO CESANTE Se reconocer\u00e1 este subsidio a los afiliados titulares en actividad,&hellip;<\/p>\n","protected":false},"author":1,"featured_media":0,"parent":0,"menu_order":0,"comment_status":"closed","ping_status":"closed","template":"","meta":{"footnotes":""},"class_list":["post-177","page","type-page","status-publish","hentry","description-off"],"_links":{"self":[{"href":"https:\/\/www.cajaforensesantafe.org.ar\/index.php?rest_route=\/wp\/v2\/pages\/177","targetHints":{"allow":["GET"]}}],"collection":[{"href":"https:\/\/www.cajaforensesantafe.org.ar\/index.php?rest_route=\/wp\/v2\/pages"}],"about":[{"href":"https:\/\/www.cajaforensesantafe.org.ar\/index.php?rest_route=\/wp\/v2\/types\/page"}],"author":[{"embeddable":true,"href":"https:\/\/www.cajaforensesantafe.org.ar\/index.php?rest_route=\/wp\/v2\/users\/1"}],"replies":[{"embeddable":true,"href":"https:\/\/www.cajaforensesantafe.org.ar\/index.php?rest_route=%2Fwp%2Fv2%2Fcomments&post=177"}],"version-history":[{"count":20,"href":"https:\/\/www.cajaforensesantafe.org.ar\/index.php?rest_route=\/wp\/v2\/pages\/177\/revisions"}],"predecessor-version":[{"id":3698,"href":"https:\/\/www.cajaforensesantafe.org.ar\/index.php?rest_route=\/wp\/v2\/pages\/177\/revisions\/3698"}],"wp:attachment":[{"href":"https:\/\/www.cajaforensesantafe.org.ar\/index.php?rest_route=%2Fwp%2Fv2%2Fmedia&parent=177"}],"curies":[{"name":"wp","href":"https:\/\/api.w.org\/{rel}","templated":true}]}}