{"id":2484,"date":"2020-11-02T21:16:32","date_gmt":"2020-11-02T21:16:32","guid":{"rendered":"https:\/\/www.cajaforensesantafe.org.ar\/?page_id=2484"},"modified":"2024-11-04T15:08:30","modified_gmt":"2024-11-04T15:08:30","slug":"oftalmologia-en-santa-fe","status":"publish","type":"page","link":"https:\/\/www.cajaforensesantafe.org.ar\/?page_id=2484","title":{"rendered":"OFTALMOLOG\u00cdA (en Santa Fe)"},"content":{"rendered":"<h5><strong><span style=\"color: #0000ff;\">CASABIANCA, Marcelo <\/span><\/strong><\/h5>\n<p><span style=\"color: #000000;\">(Instituto Oftalmol\u00f3gico) &#8211; Avellaneda 3256 &#8211; Tel\u00e9fono: 4534044<\/span><\/p>\n<h5><span style=\"color: #0000ff;\"><strong>MENDOZA BRECZINSKI, Carla<\/strong><\/span><\/h5>\n<p><span style=\"color: #000000;\">(Centro M\u00e9dico Pe\u00f1aloza) &#8211; Av. Angel Pe\u00f1aloza 7001 &#8211; Tel\u00e9fono 4897404<\/span><\/p>\n<h5><strong><span style=\"color: #0000ff;\">LORENZO, Jorge<\/span><\/strong><\/h5>\n<p><span style=\"color: #000000;\">Rivadavia 3229 &#8211; Tel\u00e9fono 4555059<\/span><\/p>\n<h5><strong><span style=\"color: #0000ff;\">A partir del 01\/04\/2021 se restablecieron las prestaciones con los PROFESIONALES OFTALM\u00d3LOGOS nucleados en \u00abServicios Oftalmol\u00f3gicos S.A.\u00bb (SOFSA)<\/span>.<\/strong><\/h5>\n","protected":false},"excerpt":{"rendered":"<p>CASABIANCA, Marcelo (Instituto Oftalmol\u00f3gico) &#8211; Avellaneda 3256 &#8211; Tel\u00e9fono: 4534044 MENDOZA BRECZINSKI, Carla (Centro M\u00e9dico Pe\u00f1aloza) &#8211; Av. Angel Pe\u00f1aloza 7001 &#8211; Tel\u00e9fono 4897404 LORENZO, Jorge Rivadavia 3229 &#8211; Tel\u00e9fono 4555059 A partir del 01\/04\/2021 se restablecieron las prestaciones con los PROFESIONALES OFTALM\u00d3LOGOS nucleados en \u00abServicios Oftalmol\u00f3gicos S.A.\u00bb (SOFSA).<\/p>\n","protected":false},"author":1,"featured_media":0,"parent":0,"menu_order":0,"comment_status":"closed","ping_status":"closed","template":"","meta":{"footnotes":""},"class_list":["post-2484","page","type-page","status-publish","hentry","description-off"],"_links":{"self":[{"href":"https:\/\/www.cajaforensesantafe.org.ar\/index.php?rest_route=\/wp\/v2\/pages\/2484","targetHints":{"allow":["GET"]}}],"collection":[{"href":"https:\/\/www.cajaforensesantafe.org.ar\/index.php?rest_route=\/wp\/v2\/pages"}],"about":[{"href":"https:\/\/www.cajaforensesantafe.org.ar\/index.php?rest_route=\/wp\/v2\/types\/page"}],"author":[{"embeddable":true,"href":"https:\/\/www.cajaforensesantafe.org.ar\/index.php?rest_route=\/wp\/v2\/users\/1"}],"replies":[{"embeddable":true,"href":"https:\/\/www.cajaforensesantafe.org.ar\/index.php?rest_route=%2Fwp%2Fv2%2Fcomments&post=2484"}],"version-history":[{"count":6,"href":"https:\/\/www.cajaforensesantafe.org.ar\/index.php?rest_route=\/wp\/v2\/pages\/2484\/revisions"}],"predecessor-version":[{"id":3488,"href":"https:\/\/www.cajaforensesantafe.org.ar\/index.php?rest_route=\/wp\/v2\/pages\/2484\/revisions\/3488"}],"wp:attachment":[{"href":"https:\/\/www.cajaforensesantafe.org.ar\/index.php?rest_route=%2Fwp%2Fv2%2Fmedia&parent=2484"}],"curies":[{"name":"wp","href":"https:\/\/api.w.org\/{rel}","templated":true}]}}