{"id":2806,"date":"2022-04-27T01:58:55","date_gmt":"2022-04-27T01:58:55","guid":{"rendered":"https:\/\/www.cajaforensesantafe.org.ar\/?page_id=2806"},"modified":"2024-11-04T14:55:06","modified_gmt":"2024-11-04T14:55:06","slug":"hijos-mayores-continuidad-de-afiliacion","status":"publish","type":"page","link":"https:\/\/www.cajaforensesantafe.org.ar\/?page_id=2806","title":{"rendered":"Hijos Mayores (Continuidad de afiliaci\u00f3n)"},"content":{"rendered":"<p><span style=\"color: #000000;\">Cumplida la mayor\u00eda de edad, el titular podr\u00e1 solicitar la inscripci\u00f3n o continuidad de afiliaci\u00f3n de sus hijos hasta los 30 a\u00f1os de edad inclusive en la <strong>Categor\u00eda Hijo Mayor Estudiante o Categor\u00eda Hijo Mayor No Estudiante<\/strong><\/span><\/p>\n<p><span style=\"color: #000000;\"><strong>\u00a0<\/strong><\/span><\/p>\n<p><span style=\"color: #000000;\">Para continuar con el servicio en la Categor\u00eda de Hijo Mayor Estudiante, deber\u00e1 descargar la Declaraci\u00f3n Jurada que figura al pie, y adjuntar el Certificado de Alumno Regular expedido por la casa de estudios donde curse.<\/span><\/p>\n<p><span style=\"color: #000000;\">\u00a0<\/span><\/p>\n<p><span style=\"color: #000000;\">Al comienzo de cada ciclo lectivo acreditar\u00e1 su condici\u00f3n presentando certificado de alumno regular hasta el 31 de marzo de cada a\u00f1o. Vencido dicho plazo pasar\u00e1 autom\u00e1ticamente a la categor\u00eda de No Estudiante, con la cuota diferenciada.<\/span><\/p>\n<p><span style=\"color: #000000;\">\u00a0<\/span><\/p>\n<p><span style=\"color: #000000;\">En el caso que no se halle cursando estudios, podr\u00e1 solicitar la continuidad en la categor\u00eda de Hijo Mayor No Estudiante, deber\u00e1 presentar la Declaraci\u00f3n Jurada que figura al pie. Abonar\u00e1 el canon diferencial establecido.<\/span><\/p>\n<p><span style=\"color: #000000;\">DESCARGAR AQU\u00cd<\/span><\/p>\n<p><b><i><a href=\"https:\/\/www.cajaforensesantafe.org.ar\/wp-content\/uploads\/2022\/05\/3-Hijos-Mayores-Condiciones-y-Costo.pdf\">Hijos Mayores (Condiciones y Costo)<\/a><\/i><\/b><\/p>\n<p><b><i><a href=\"https:\/\/www.cajaforensesantafe.org.ar\/wp-content\/uploads\/2022\/05\/2a-DD.JJ_.-HIJOS-MAYORES-21-A\u00d1OS-ESTUDIANTE.doc\">Declaraci\u00f3n Jurada\u00a0Hijos Mayores 21 a\u00f1os Estudiante<\/a><\/i><\/b><\/p>\n<p><b><i><a href=\"https:\/\/www.cajaforensesantafe.org.ar\/wp-content\/uploads\/2022\/05\/2b-DD.JJ_.-HIJOS-MAYORES-21-A\u00d1OS-NO-ESTUDIANTE.doc\">Declaraci\u00f3n Jurada\u00a0Hijos Mayores 21 a\u00f1os No Estudiante<\/a><\/i><\/b><\/p>\n","protected":false},"excerpt":{"rendered":"<p>Cumplida la mayor\u00eda de edad, el titular podr\u00e1 solicitar la inscripci\u00f3n o continuidad de afiliaci\u00f3n de sus hijos hasta los 30 a\u00f1os de edad inclusive en la Categor\u00eda Hijo Mayor Estudiante o Categor\u00eda Hijo Mayor No Estudiante \u00a0 Para continuar con el servicio en la Categor\u00eda de Hijo Mayor Estudiante, deber\u00e1 descargar la Declaraci\u00f3n Jurada&hellip;<\/p>\n","protected":false},"author":1,"featured_media":0,"parent":0,"menu_order":0,"comment_status":"closed","ping_status":"closed","template":"","meta":{"footnotes":""},"class_list":["post-2806","page","type-page","status-publish","hentry","description-off"],"_links":{"self":[{"href":"https:\/\/www.cajaforensesantafe.org.ar\/index.php?rest_route=\/wp\/v2\/pages\/2806","targetHints":{"allow":["GET"]}}],"collection":[{"href":"https:\/\/www.cajaforensesantafe.org.ar\/index.php?rest_route=\/wp\/v2\/pages"}],"about":[{"href":"https:\/\/www.cajaforensesantafe.org.ar\/index.php?rest_route=\/wp\/v2\/types\/page"}],"author":[{"embeddable":true,"href":"https:\/\/www.cajaforensesantafe.org.ar\/index.php?rest_route=\/wp\/v2\/users\/1"}],"replies":[{"embeddable":true,"href":"https:\/\/www.cajaforensesantafe.org.ar\/index.php?rest_route=%2Fwp%2Fv2%2Fcomments&post=2806"}],"version-history":[{"count":4,"href":"https:\/\/www.cajaforensesantafe.org.ar\/index.php?rest_route=\/wp\/v2\/pages\/2806\/revisions"}],"predecessor-version":[{"id":3463,"href":"https:\/\/www.cajaforensesantafe.org.ar\/index.php?rest_route=\/wp\/v2\/pages\/2806\/revisions\/3463"}],"wp:attachment":[{"href":"https:\/\/www.cajaforensesantafe.org.ar\/index.php?rest_route=%2Fwp%2Fv2%2Fmedia&parent=2806"}],"curies":[{"name":"wp","href":"https:\/\/api.w.org\/{rel}","templated":true}]}}