{"id":2860,"date":"2022-04-27T02:35:41","date_gmt":"2022-04-27T02:35:41","guid":{"rendered":"https:\/\/www.cajaforensesantafe.org.ar\/?page_id=2860"},"modified":"2024-11-04T16:10:24","modified_gmt":"2024-11-04T16:10:24","slug":"retiro-de-expedientes-fiscalizados","status":"publish","type":"page","link":"https:\/\/www.cajaforensesantafe.org.ar\/?page_id=2860","title":{"rendered":"RETIRO DE EXPEDIENTES FISCALIZADOS"},"content":{"rendered":"<p><span style=\"color: #000000;\">\u00ab<b>Sr.\/a Profesional: A partir del env\u00edo del mail donde se le informa que ha finalizado la fiscalizaci\u00f3n de su expediente, tendr\u00e1 30 d\u00edas para retirarlo. Caso contrario, ser\u00e1 remitido al Juzgado de origen<\/b>\u00ab.<\/span><\/p>\n","protected":false},"excerpt":{"rendered":"<p>\u00abSr.\/a Profesional: A partir del env\u00edo del mail donde se le informa que ha finalizado la fiscalizaci\u00f3n de su expediente, tendr\u00e1 30 d\u00edas para retirarlo. Caso contrario, ser\u00e1 remitido al Juzgado de origen\u00ab.<\/p>\n","protected":false},"author":1,"featured_media":0,"parent":0,"menu_order":0,"comment_status":"closed","ping_status":"closed","template":"","meta":{"footnotes":""},"class_list":["post-2860","page","type-page","status-publish","hentry","description-off"],"_links":{"self":[{"href":"https:\/\/www.cajaforensesantafe.org.ar\/index.php?rest_route=\/wp\/v2\/pages\/2860","targetHints":{"allow":["GET"]}}],"collection":[{"href":"https:\/\/www.cajaforensesantafe.org.ar\/index.php?rest_route=\/wp\/v2\/pages"}],"about":[{"href":"https:\/\/www.cajaforensesantafe.org.ar\/index.php?rest_route=\/wp\/v2\/types\/page"}],"author":[{"embeddable":true,"href":"https:\/\/www.cajaforensesantafe.org.ar\/index.php?rest_route=\/wp\/v2\/users\/1"}],"replies":[{"embeddable":true,"href":"https:\/\/www.cajaforensesantafe.org.ar\/index.php?rest_route=%2Fwp%2Fv2%2Fcomments&post=2860"}],"version-history":[{"count":2,"href":"https:\/\/www.cajaforensesantafe.org.ar\/index.php?rest_route=\/wp\/v2\/pages\/2860\/revisions"}],"predecessor-version":[{"id":3437,"href":"https:\/\/www.cajaforensesantafe.org.ar\/index.php?rest_route=\/wp\/v2\/pages\/2860\/revisions\/3437"}],"wp:attachment":[{"href":"https:\/\/www.cajaforensesantafe.org.ar\/index.php?rest_route=%2Fwp%2Fv2%2Fmedia&parent=2860"}],"curies":[{"name":"wp","href":"https:\/\/api.w.org\/{rel}","templated":true}]}}