{"id":515,"date":"2015-08-13T03:33:01","date_gmt":"2015-08-13T03:33:01","guid":{"rendered":"https:\/\/www.cajaforensesantafe.org.ar\/?page_id=515"},"modified":"2024-11-22T12:49:33","modified_gmt":"2024-11-22T12:49:33","slug":"convenio-con-cssap","status":"publish","type":"page","link":"https:\/\/www.cajaforensesantafe.org.ar\/?page_id=515","title":{"rendered":"Convenio con CSSAP"},"content":{"rendered":"<p><span style=\"color: #0000ff;\"><strong>CONVENIO CON LA CAJA DE SEGURIDAD SOCIAL DE ABOGADOS Y PROCURADORES (C.S.S.A.P.)<\/strong><\/span><\/p>\n<p><span style=\"color: #000000;\">De conformidad a lo acordado con la Asoc. de Abogados y Procuradores, el Directorio de la Caja Forense de la 1\u00aa Circ. de Santa Fe, por Resoluci\u00f3n de fecha 28 de Agosto de 2014, ha dispuesto implementar a partir del 1\u00ba de octubre de 2014, el sistema de descuentos de los COSEGUROS ASISTENCIALES, de los haberes previsionales de nuestros afiliados bajo un \u00fanico c\u00f3digo diferenciado.<\/span><\/p>\n<p><span style=\"color: #000000;\">De esta manera, cada vez que nuestros afiliados utilicen los servicios ON LINE el coseguro que actualmente se genera ser\u00e1 debitado de Haber Jubilatorio y\/o Pensi\u00f3n, estableci\u00e9ndose como tope m\u00e1ximo de la retenci\u00f3n el 20% del haber jubilatorio b\u00e1sico.<\/span><\/p>\n<p><span style=\"color: #000000;\">Se adjunta a continuaci\u00f3n, el correspondiente <a href=\"https:\/\/www.cajaforensesantafe.org.ar\/wp-content\/uploads\/2024\/10\/formulario-de-autorizacion-de-descuento-jubilacion-2024.pdf\">formulario de autorizaci\u00f3n.<\/a><\/span><\/p>\n<p><span style=\"color: #000000;\">A los fines de mayor informaci\u00f3n, s\u00edrvase comunicarse con el \u00c1rea Contadur\u00eda de la Caja Forense (4597760, internos: 101, 106 y 225)<\/span><\/p>\n<h4 class=\"imAlign_center\"><span class=\"ff2 fc0 fs4 \">\u00a0<\/span><\/h4>\n<p class=\"imAlign_justify\">\n","protected":false},"excerpt":{"rendered":"<p>CONVENIO CON LA CAJA DE SEGURIDAD SOCIAL DE ABOGADOS Y PROCURADORES (C.S.S.A.P.) De conformidad a lo acordado con la Asoc. de Abogados y Procuradores, el Directorio de la Caja Forense de la 1\u00aa Circ. de Santa Fe, por Resoluci\u00f3n de fecha 28 de Agosto de 2014, ha dispuesto implementar a partir del 1\u00ba de octubre&hellip;<\/p>\n","protected":false},"author":1,"featured_media":0,"parent":0,"menu_order":0,"comment_status":"closed","ping_status":"closed","template":"","meta":{"footnotes":""},"class_list":["post-515","page","type-page","status-publish","hentry","description-off"],"_links":{"self":[{"href":"https:\/\/www.cajaforensesantafe.org.ar\/index.php?rest_route=\/wp\/v2\/pages\/515","targetHints":{"allow":["GET"]}}],"collection":[{"href":"https:\/\/www.cajaforensesantafe.org.ar\/index.php?rest_route=\/wp\/v2\/pages"}],"about":[{"href":"https:\/\/www.cajaforensesantafe.org.ar\/index.php?rest_route=\/wp\/v2\/types\/page"}],"author":[{"embeddable":true,"href":"https:\/\/www.cajaforensesantafe.org.ar\/index.php?rest_route=\/wp\/v2\/users\/1"}],"replies":[{"embeddable":true,"href":"https:\/\/www.cajaforensesantafe.org.ar\/index.php?rest_route=%2Fwp%2Fv2%2Fcomments&post=515"}],"version-history":[{"count":11,"href":"https:\/\/www.cajaforensesantafe.org.ar\/index.php?rest_route=\/wp\/v2\/pages\/515\/revisions"}],"predecessor-version":[{"id":3539,"href":"https:\/\/www.cajaforensesantafe.org.ar\/index.php?rest_route=\/wp\/v2\/pages\/515\/revisions\/3539"}],"wp:attachment":[{"href":"https:\/\/www.cajaforensesantafe.org.ar\/index.php?rest_route=%2Fwp%2Fv2%2Fmedia&parent=515"}],"curies":[{"name":"wp","href":"https:\/\/api.w.org\/{rel}","templated":true}]}}