{"id":562,"date":"2015-08-13T03:54:30","date_gmt":"2015-08-13T03:54:30","guid":{"rendered":"https:\/\/www.cajaforensesantafe.org.ar\/?page_id=562"},"modified":"2025-08-12T12:44:05","modified_gmt":"2025-08-12T12:44:05","slug":"asoc-med-rosario","status":"publish","type":"page","link":"https:\/\/www.cajaforensesantafe.org.ar\/?page_id=562","title":{"rendered":"Asoc. Med. Rosario"},"content":{"rendered":"<div class=\"wpb-content-wrapper\"><p>[vc_row][vc_column][vc_empty_space][\/vc_column][\/vc_row][vc_row][vc_column][vc_column_text css=\u00bb\u00bb]<span style=\"color: #000000;\">Ahora Ud. puede hacerse atender sin necesidad de realizar ning\u00fan tr\u00e1mite previo, con la presentaci\u00f3n de la<\/span><\/p>\n<p><span style=\"color: #000000;\">&#8211; Credencial de Afiliaci\u00f3n a Caja Forense,<\/span><\/p>\n<p><span style=\"color: #000000;\">-Una orden de visita m\u00e9dica (igual a la que se realiza en Santa Fe)<\/span><\/p>\n<p><span style=\"color: #000000;\">y su DNI.<\/span><br \/>\n<span style=\"color: #000000;\">Las autorizaciones de las pr\u00e1cticas las realiza el prestador por el sistema online con el c\u00f3digo 9, que identifica a los afiliados de Caja Forense de Santa Fe.<\/span>[\/vc_column_text][\/vc_column][\/vc_row][vc_row][vc_column][vc_empty_space height=\u00bb15px\u00bb][\/vc_column][\/vc_row][vc_row][vc_column][vc_column_text css=\u00bb.vc_custom_1477956006795{background-color: #0088c3 !important;}\u00bb]<\/p>\n<p><strong><span style=\"color: #ffffff;\">Para acceder a la informaci\u00f3n sobre las prestaciones convenidas, consultar los siguientes links:<\/span><\/strong><\/p>\n<p>[\/vc_column_text][\/vc_column][\/vc_row][vc_row][vc_column][vc_empty_space height=\u00bb15px\u00bb][\/vc_column][\/vc_row][vc_row][vc_column][vc_column_text css=\u00bb\u00bb]<\/p>\n<div id=\"imCel0_02\">\n<div id=\"imCel0_02_Cont\">\n<div id=\"imObj0_02\">\n<p>&nbsp;<\/p>\n<ul class=\"imBullet\">\n<li class=\"imAlign_left\"><span class=\"ff3 fc4 fs11 fb \"><a class=\"ImLink\" title=\"\" href=\"https:\/\/www.cajaforensesantafe.org.ar\/wp-content\/uploads\/2016\/03\/amr_-_profesionales_prestadores_anexo_iii.pdf\">Profesionales y especialidades<\/a><\/span><\/li>\n<\/ul>\n<\/div>\n<\/div>\n<\/div>\n<p>[\/vc_column_text][\/vc_column][\/vc_row][vc_row][vc_column][vc_empty_space height=\u00bb15px\u00bb][\/vc_column][\/vc_row][vc_row][vc_column][vc_column_text css=\u00bb.vc_custom_1477956284784{background-color: #0088c3 !important;}\u00bb]<\/p>\n<p><span style=\"color: #ffffff;\">Afiliados y beneficiarios<\/span><\/p>\n<p>[\/vc_column_text][\/vc_column][\/vc_row][vc_row][vc_column][vc_empty_space height=\u00bb15px\u00bb][\/vc_column][\/vc_row][vc_row][vc_column][vc_column_text]Pertenecientes a la Caja Forense de la 1era. Circunscripci\u00f3n de Santa Fe.<br \/>\nLas autorizaciones las realiza el prestador por el sistema online con el c\u00f3digo 9.[\/vc_column_text][\/vc_column][\/vc_row][vc_row][vc_column][vc_empty_space height=\u00bb15px\u00bb][\/vc_column][\/vc_row][vc_row][vc_column][vc_column_text css=\u00bb.vc_custom_1477956294144{background-color: #0088c3 !important;}\u00bb]<\/p>\n<p><span style=\"color: #ffffff;\">Acceso al servicio<\/span><\/p>\n<p>[\/vc_column_text][\/vc_column][\/vc_row][vc_row][vc_column][vc_empty_space height=\u00bb15px\u00bb][\/vc_column][\/vc_row][vc_row][vc_column][vc_column_text css=\u00bb\u00bb]Los afiliados deber\u00e1n presentar ante el Sanatorio, Cl\u00ednica, etc.; o profesional tratante la siguiente<br \/>\ndocumentaci\u00f3n para ser atendido:<br \/>\n1. Visita m\u00e9dica (igual a la que se utiliza en Santa Fe, la cual puede imprimirse desde cualquier PC<br \/>\ncon su usuario y contrase\u00f1a)<br \/>\n2. Documento de identidad.<br \/>\n3. Credencial de afiliaci\u00f3n a Caja Forense.<br \/>\nVerifique que el prestador ingrese correctamente los 11 d\u00edgitos que figuran<br \/>\nen dicha Credencial (tipo, N\u00ba de DNI y adherente), ya que de eso depende que nuestro<br \/>\nsistema responda adecuadamente.[\/vc_column_text][\/vc_column][\/vc_row]<\/p>\n<\/div>","protected":false},"excerpt":{"rendered":"<p>[vc_row][vc_column][vc_empty_space][\/vc_column][\/vc_row][vc_row][vc_column][vc_column_text css=\u00bb\u00bb]Ahora Ud. puede hacerse atender sin necesidad de realizar ning\u00fan tr\u00e1mite previo, con la presentaci\u00f3n de la &#8211; Credencial de Afiliaci\u00f3n a Caja Forense, -Una orden de visita m\u00e9dica (igual a la que se realiza en Santa Fe) y su DNI. Las autorizaciones de las pr\u00e1cticas las realiza el prestador por el sistema online&hellip;<\/p>\n","protected":false},"author":1,"featured_media":0,"parent":0,"menu_order":0,"comment_status":"closed","ping_status":"closed","template":"","meta":{"footnotes":""},"class_list":["post-562","page","type-page","status-publish","hentry","description-off"],"_links":{"self":[{"href":"https:\/\/www.cajaforensesantafe.org.ar\/index.php?rest_route=\/wp\/v2\/pages\/562","targetHints":{"allow":["GET"]}}],"collection":[{"href":"https:\/\/www.cajaforensesantafe.org.ar\/index.php?rest_route=\/wp\/v2\/pages"}],"about":[{"href":"https:\/\/www.cajaforensesantafe.org.ar\/index.php?rest_route=\/wp\/v2\/types\/page"}],"author":[{"embeddable":true,"href":"https:\/\/www.cajaforensesantafe.org.ar\/index.php?rest_route=\/wp\/v2\/users\/1"}],"replies":[{"embeddable":true,"href":"https:\/\/www.cajaforensesantafe.org.ar\/index.php?rest_route=%2Fwp%2Fv2%2Fcomments&post=562"}],"version-history":[{"count":15,"href":"https:\/\/www.cajaforensesantafe.org.ar\/index.php?rest_route=\/wp\/v2\/pages\/562\/revisions"}],"predecessor-version":[{"id":3708,"href":"https:\/\/www.cajaforensesantafe.org.ar\/index.php?rest_route=\/wp\/v2\/pages\/562\/revisions\/3708"}],"wp:attachment":[{"href":"https:\/\/www.cajaforensesantafe.org.ar\/index.php?rest_route=%2Fwp%2Fv2%2Fmedia&parent=562"}],"curies":[{"name":"wp","href":"https:\/\/api.w.org\/{rel}","templated":true}]}}