{"id":570,"date":"2015-08-13T03:59:07","date_gmt":"2015-08-13T03:59:07","guid":{"rendered":"https:\/\/www.cajaforensesantafe.org.ar\/?page_id=570"},"modified":"2025-08-12T12:38:04","modified_gmt":"2025-08-12T12:38:04","slug":"sanatorio-britanico-rosario","status":"publish","type":"page","link":"https:\/\/www.cajaforensesantafe.org.ar\/?page_id=570","title":{"rendered":"Sanatorio Brit\u00e1nico (Rosario)"},"content":{"rendered":"<div class=\"wpb-content-wrapper\"><p>[vc_row][vc_column][vc_single_image image=\u00bb3502&#8243; img_size=\u00bbfull\u00bb alignment=\u00bbcenter\u00bb css=\u00bb\u00bb][\/vc_column][\/vc_row][vc_row][vc_column][\/vc_column][\/vc_row][vc_row][vc_column][vc_empty_space][\/vc_column][\/vc_row][vc_row][vc_column][vc_column_text css=\u00bb.vc_custom_1477958528786{background-color: #004b74 !important;}\u00bb]<\/p>\n<p><strong>\u00a0\u00a0\u00a0 <span style=\"color: #ffffff;\">NORMAS DE AUTORIZACI\u00d3N<\/span><\/strong><\/p>\n<p>[\/vc_column_text][\/vc_column][\/vc_row][vc_row][vc_column][vc_empty_space height=\u00bb15px\u00bb][\/vc_column][\/vc_row][vc_row][vc_column][vc_column_text css=\u00bb.vc_custom_1477958535890{background-color: #1e73be !important;}\u00bb]<\/p>\n<p><span style=\"color: #ffffff;\">\u00a0 CONSULTA<\/span><\/p>\n<p>[\/vc_column_text][\/vc_column][\/vc_row][vc_row][vc_column][vc_empty_space height=\u00bb15px\u00bb][\/vc_column][\/vc_row][vc_row][vc_column][vc_column_text css=\u00bb\u00bb]<span style=\"color: #000000;\">&#8211; Presentar la credencial de afiliaci\u00f3n a Caja Forense,<\/span><\/p>\n<p><span style=\"color: #000000;\">-una orden de visita m\u00e9dica (la misma que genera e imprime on line para atenci\u00f3n en Santa Fe)<\/span><\/p>\n<p><span style=\"color: #000000;\">&#8211; y su D.N.I.<\/span>[\/vc_column_text][\/vc_column][\/vc_row][vc_row][vc_column][vc_empty_space height=\u00bb15px\u00bb][\/vc_column][\/vc_row][vc_row][vc_column][vc_column_text css=\u00bb.vc_custom_1477955008084{background-color: #0088c3 !important;}\u00bb]<\/p>\n<p><span style=\"color: #ffffff;\">\u00a0 PR\u00c1CTICAS PROGRAMADAS: Ambulatorias\/internaciones\/cirug\u00edas<\/span><\/p>\n<p>[\/vc_column_text][\/vc_column][\/vc_row][vc_row][vc_column][vc_empty_space height=\u00bb15px\u00bb][\/vc_column][\/vc_row][vc_row][vc_column][vc_column_text]<span style=\"color: #000000;\">&#8211; Previo a su viaje, deber\u00e1 autorizar la prescripci\u00f3n m\u00e9dica en la delegaci\u00f3n de Caja Forense\u00a0<\/span><span style=\"color: #000000;\">m\u00e1s cercana a su domicilio.<\/span><br \/>\n<span style=\"color: #000000;\"> &#8211; En caso de encontrarse en Rosario, deber\u00e1 gestionar la autorizaci\u00f3n v\u00eda mail<\/span><br \/>\n<span style=\"color: #000000;\"> a obrasocial@cajaforensesantafe.org.ar<\/span>[\/vc_column_text][\/vc_column][\/vc_row][vc_row][vc_column][vc_empty_space height=\u00bb15px\u00bb][\/vc_column][\/vc_row][vc_row][vc_column][vc_column_text css=\u00bb.vc_custom_1477955120633{background-color: #0088c3 !important;}\u00bb]<\/p>\n<p><span style=\"color: #ffffff;\">\u00a0 PR\u00c1CTICAS NO PROGRAMADAS: Guardia \/internaciones\/cirug\u00edas<\/span><\/p>\n<p>[\/vc_column_text][\/vc_column][\/vc_row][vc_row][vc_column][vc_empty_space height=\u00bb15px\u00bb][\/vc_column][\/vc_row][vc_row][vc_column][vc_column_text]<span style=\"color: #000000;\">&#8211; El propio Sanatorio Brit\u00e1nico se encargar\u00e1 de gestionar ante la Caja Forense, <\/span><br \/>\n<span style=\"color: #000000;\">la autorizaci\u00f3n v\u00eda mail.<\/span>[\/vc_column_text][\/vc_column][\/vc_row][vc_row][vc_column][vc_empty_space][\/vc_column][\/vc_row][vc_row][vc_column][vc_column_text css=\u00bb.vc_custom_1477955597077{background-color: #2f9949 !important;}\u00bb]<\/p>\n<div id=\"imCel0_01\">\n<div id=\"imCel0_01_Cont\">\n<div id=\"imObj0_01\">\n<p class=\"imAlign_left\"><strong><span style=\"color: #ffffff;\"><span class=\"ff2 fc0 fs12 \">Acceda aqui a la <\/span><a style=\"color: #ffffff;\" href=\"https:\/\/www.cajaforensesantafe.org.ar\/wp-content\/uploads\/2016\/03\/listado_de_prof_sanat_britanico_caja_forense_5-.pdf\" target=\"_blank\" rel=\"noopener\"><span class=\"ff2 fc0 fs12 bc4 fi fu \"> N\u00f3mina de Profesionales<\/span><span class=\"ff2 fc0 fs12 \">.<\/span><\/a><\/span><\/strong><span class=\"ff2 fc0 fs10 \"><br \/>\n<\/span><\/p>\n<\/div>\n<\/div>\n<\/div>\n<div id=\"imCel1_01\"><\/div>\n<p>[\/vc_column_text][\/vc_column][\/vc_row]<\/p>\n<\/div>","protected":false},"excerpt":{"rendered":"<p>[vc_row][vc_column][vc_single_image image=\u00bb3502&#8243; img_size=\u00bbfull\u00bb alignment=\u00bbcenter\u00bb css=\u00bb\u00bb][\/vc_column][\/vc_row][vc_row][vc_column][\/vc_column][\/vc_row][vc_row][vc_column][vc_empty_space][\/vc_column][\/vc_row][vc_row][vc_column][vc_column_text css=\u00bb.vc_custom_1477958528786{background-color: #004b74 !important;}\u00bb] \u00a0\u00a0\u00a0 NORMAS DE AUTORIZACI\u00d3N [\/vc_column_text][\/vc_column][\/vc_row][vc_row][vc_column][vc_empty_space height=\u00bb15px\u00bb][\/vc_column][\/vc_row][vc_row][vc_column][vc_column_text css=\u00bb.vc_custom_1477958535890{background-color: #1e73be !important;}\u00bb] \u00a0 CONSULTA [\/vc_column_text][\/vc_column][\/vc_row][vc_row][vc_column][vc_empty_space height=\u00bb15px\u00bb][\/vc_column][\/vc_row][vc_row][vc_column][vc_column_text css=\u00bb\u00bb]&#8211; Presentar la credencial de afiliaci\u00f3n a Caja Forense, -una orden de visita m\u00e9dica (la misma que genera e imprime on line para atenci\u00f3n en Santa Fe) &#8211; y su D.N.I.[\/vc_column_text][\/vc_column][\/vc_row][vc_row][vc_column][vc_empty_space height=\u00bb15px\u00bb][\/vc_column][\/vc_row][vc_row][vc_column][vc_column_text css=\u00bb.vc_custom_1477955008084{background-color: #0088c3&hellip;<\/p>\n","protected":false},"author":1,"featured_media":0,"parent":0,"menu_order":0,"comment_status":"closed","ping_status":"closed","template":"","meta":{"footnotes":""},"class_list":["post-570","page","type-page","status-publish","hentry","description-off"],"_links":{"self":[{"href":"https:\/\/www.cajaforensesantafe.org.ar\/index.php?rest_route=\/wp\/v2\/pages\/570","targetHints":{"allow":["GET"]}}],"collection":[{"href":"https:\/\/www.cajaforensesantafe.org.ar\/index.php?rest_route=\/wp\/v2\/pages"}],"about":[{"href":"https:\/\/www.cajaforensesantafe.org.ar\/index.php?rest_route=\/wp\/v2\/types\/page"}],"author":[{"embeddable":true,"href":"https:\/\/www.cajaforensesantafe.org.ar\/index.php?rest_route=\/wp\/v2\/users\/1"}],"replies":[{"embeddable":true,"href":"https:\/\/www.cajaforensesantafe.org.ar\/index.php?rest_route=%2Fwp%2Fv2%2Fcomments&post=570"}],"version-history":[{"count":18,"href":"https:\/\/www.cajaforensesantafe.org.ar\/index.php?rest_route=\/wp\/v2\/pages\/570\/revisions"}],"predecessor-version":[{"id":3707,"href":"https:\/\/www.cajaforensesantafe.org.ar\/index.php?rest_route=\/wp\/v2\/pages\/570\/revisions\/3707"}],"wp:attachment":[{"href":"https:\/\/www.cajaforensesantafe.org.ar\/index.php?rest_route=%2Fwp%2Fv2%2Fmedia&parent=570"}],"curies":[{"name":"wp","href":"https:\/\/api.w.org\/{rel}","templated":true}]}}