{"id":626,"date":"2015-11-21T14:08:04","date_gmt":"2015-11-21T14:08:04","guid":{"rendered":"https:\/\/www.cajaforensesantafe.org.ar\/?page_id=626"},"modified":"2025-08-12T12:19:47","modified_gmt":"2025-08-12T12:19:47","slug":"plan-materno","status":"publish","type":"page","link":"https:\/\/www.cajaforensesantafe.org.ar\/?page_id=626","title":{"rendered":"PLAN MATERNO"},"content":{"rendered":"<div class=\"wpb-content-wrapper\"><p>[vc_row][vc_column][vc_single_image image=\u00bb271&#8243; img_size=\u00bblarge\u00bb][vc_column_text]<br \/>\n[\/vc_column_text][\/vc_column][\/vc_row][vc_row][vc_column][vc_column_text]<\/p>\n<h4><span style=\"color: #0000ff;\"><strong>Condiciones de acceso al beneficio<\/strong><\/span><\/h4>\n<p>[\/vc_column_text][\/vc_column][\/vc_row][vc_row][vc_column][vc_column_text css=\u00bb\u00bb]<span style=\"color: #000000;\">Deber\u00e1 estar afiliada a la Caja Forense con anterioridad a quedar embarazada. Se establece una carencia de diez (10) meses para acceder a este beneficio, desde el d\u00eda en que formaliza su afiliaci\u00f3n o reincorporaci\u00f3n a la Caja Forense.<\/span>[\/vc_column_text][vc_row_inner][vc_column_inner]<br \/>\n[\/vc_column_inner][\/vc_row_inner][\/vc_column][\/vc_row][vc_row][vc_column][vc_column_text css=\u00bb.vc_custom_1557096882499{background-color: #025182 !important;}\u00bb]<\/p>\n<h3 style=\"text-align: center;\"><span style=\"color: #ffffff;\">Cobertura del 100% durante el embarazo<\/span><\/h3>\n<p>[\/vc_column_text][vc_row_inner][vc_column_inner]<br \/>\n[\/vc_column_inner][\/vc_row_inner][\/vc_column][\/vc_row][vc_row][vc_column width=\u00bb1\/2&#8243;][vc_single_image image=\u00bb264&#8243; img_size=\u00bblarge\u00bb][\/vc_column][vc_column width=\u00bb1\/2&#8243;][vc_column_text]<\/p>\n<h4><\/h4>\n<ul>\n<li>\n<h5><span style=\"color: #0000ff;\"><strong><em>VISITAS M\u00c9DICAS hasta el 8\u00ba mes<\/em><\/strong>:<\/span><\/h5>\n<\/li>\n<\/ul>\n<p><span style=\"color: #000000;\">A partir del mes en que presenta el certificado de embarazo a la Caja Forense, una (1) visita m\u00e9dica <strong><em>cada 30 d\u00edas<\/em><\/strong> hasta el 8\u00ba mes inclusive, con un <strong><em><u>tope m\u00e1ximo de seis (6)<\/u><\/em><\/strong>.<\/span><\/p>\n<p>Cada visita mensual deber\u00e1 ser retirada dentro de dicho t\u00e9rmino, ya que las mismas NO son acumulativas<\/p>\n<ul>\n<li>\n<h5><span style=\"color: #0000ff;\"><strong><em>VISITAS M\u00c9DICAS durante el 9\u00ba mes<\/em><\/strong>:<\/span><\/h5>\n<\/li>\n<\/ul>\n<p><span style=\"color: #000000;\">Una (1) visita m\u00e9dica <strong><em>cada siete (7) d\u00edas<\/em><\/strong> y hasta la fecha probable de parto declarada en el certificado de embarazo, con un <strong><em><u>tope m\u00e1ximo de cuatro (4)<\/u><\/em><\/strong><\/span>.<\/p>\n<p>Cada visita semanal deber\u00e1 ser retirada dentro de dicho t\u00e9rmino, ya que las mismas NO son acumulativas.<\/p>\n<ul>\n<li>\n<h5><span style=\"color: #0000ff;\"><strong><em>ECOGRAF\u00cdAS<\/em><\/strong>:<\/span><\/h5>\n<\/li>\n<\/ul>\n<p><span style=\"color: #000000;\">Dos (2) Ecograf\u00edas ginecol\u00f3gicas<\/span><\/p>\n<ul>\n<li>\n<h5><span style=\"color: #0000ff;\"><strong><em>AN\u00c1LISIS BIOQU\u00cdMICOS<\/em><\/strong>:<\/span><\/h5>\n<\/li>\n<\/ul>\n<p><span style=\"color: #000000;\">Los correspondientes a los controles m\u00e9dicos en el primer y tercer trimestre, que incluyen: hemograma, glucemia, uremia, vdrl, toxoplasmosis (IFI), chagas (AD), HIV, hepatitis (B) y orina completa, urocultivo, exudado vaginal para detecci\u00f3n de streptococcus beta hemol\u00edtico.<\/span><\/p>\n<ul>\n<li>\n<h5><span style=\"color: #0000ff;\"><strong>Un (1<\/strong>) <strong><em>MONITOREO FETAL<\/em><\/strong>.<\/span><\/h5>\n<\/li>\n<\/ul>\n<ul>\n<li>\n<h5><span style=\"color: #0000ff;\"><strong>Una (1)<\/strong> <strong><em>CONSULTA ODONTOL\u00d3GICA Y TOPIFICACI\u00d3N DE FLUOR<\/em><\/strong>.<\/span><\/h5>\n<\/li>\n<\/ul>\n<ul>\n<li>\n<h5><span style=\"color: #0000ff;\"><strong><em>PARTO VAGINAL<\/em><\/strong><\/span><\/h5>\n<\/li>\n<\/ul>\n<ul>\n<li>\n<h5><span style=\"color: #0000ff;\"><strong><em>CES\u00c1REA<\/em><\/strong><\/span><\/h5>\n<\/li>\n<\/ul>\n<p>[\/vc_column_text][\/vc_column][\/vc_row][vc_row][vc_column][vc_empty_space][\/vc_column][\/vc_row][vc_row][vc_column][vc_column_text css=\u00bb.vc_custom_1557097079970{background-color: #025182 !important;}\u00bb]<\/p>\n<h3 style=\"text-align: center;\"><span style=\"color: #ffffff;\">Adem\u00e1s los siguientes servicios<\/span><\/h3>\n<p>[\/vc_column_text][\/vc_column][\/vc_row][vc_row][vc_column][vc_empty_space][\/vc_column][\/vc_row][vc_row][vc_column width=\u00bb1\/3&#8243;][vc_column_text]<\/p>\n<h5><span style=\"color: #0000ff;\">Una (1) ecograf\u00eda morfogen\u00e9tica<\/span><\/h5>\n<p><span style=\"color: #000000;\">Se cubre el 75%, previa autorizaci\u00f3n<\/span>[\/vc_column_text][\/vc_column][vc_column width=\u00bb1\/3&#8243;][vc_column_text]<\/p>\n<h5><span style=\"color: #0000ff;\">Una (1) ecograf\u00eda de translucencia nucal<\/span><\/h5>\n<p><span style=\"color: #000000;\">Se cubre el 50% por reintegro, con indicaci\u00f3n m\u00e9dica, factura y copia del informe<\/span>[\/vc_column_text][\/vc_column][vc_column width=\u00bb1\/3&#8243;][vc_column_text]<\/p>\n<h5><span style=\"color: #0000ff;\">Habitaci\u00f3n privada<\/span><\/h5>\n<p><i><span style=\"color: #000000;\">Se cubre 50% del gasto con tope por d\u00eda (por reintegro). Ver valores actualizados en \u00c1rea Salud &#8211; VALORES DE PR\u00c1CTICAS. o haga<\/span> <span style=\"color: #0000ff;\"><strong><a style=\"color: #0000ff;\" href=\"https:\/\/www.cajaforensesantafe.org.ar\/wp-content\/uploads\/2024\/03\/2024-Plantilla-de-valores-prestacionales-PARA-PUBLICAR-al-01-de-Marzo-2024.pdf\">click aqu\u00ed<\/a><\/strong><\/span><\/i>[\/vc_column_text][\/vc_column][\/vc_row][vc_row][vc_column][vc_empty_space][\/vc_column][\/vc_row][vc_row][vc_column][vc_column_text]<\/p>\n<h4><span style=\"color: #0000ff;\"><strong>Tope de Valores en Plan Materno<\/strong><\/span><\/h4>\n<p>[\/vc_column_text][\/vc_column][\/vc_row][vc_row][vc_column][vc_empty_space][\/vc_column][\/vc_row][vc_row][vc_column][vc_column_text]<\/p>\n<p><span style=\"color: #000000;\">Teniendo en cuenta que los valores vigentes en otras provincias para la cobertura del Plan Materno difieren sustancialmente de los acordados con prestadores de nuestra provincia, a partir del 1\u00ba\/5\/19, las pr\u00e1cticas a realizarse en otra provincias recibir\u00e1n la cobertura econ\u00f3mica hasta el m\u00e1ximo valor acordado con prestadores de la provincia de Santa Fe, debiendo el afiliado asumir el costo que supere los mismos, a excepci\u00f3n de aquellas prestaciones que por su complejidad no puedan ser realizadas en nuestra provincia. Rogamos consultar con el \u00c1rea de Salud a los fines de interiorizarse en forma previa a la realizaci\u00f3n de cualquier tipo de pr\u00e1ctica.<\/span><\/p>\n<p>[\/vc_column_text][\/vc_column][\/vc_row]<\/p>\n<\/div>","protected":false},"excerpt":{"rendered":"<p>[vc_row][vc_column][vc_single_image image=\u00bb271&#8243; img_size=\u00bblarge\u00bb][vc_column_text] [\/vc_column_text][\/vc_column][\/vc_row][vc_row][vc_column][vc_column_text] Condiciones de acceso al beneficio [\/vc_column_text][\/vc_column][\/vc_row][vc_row][vc_column][vc_column_text css=\u00bb\u00bb]Deber\u00e1 estar afiliada a la Caja Forense con anterioridad a quedar embarazada. Se establece una carencia de diez (10) meses para acceder a este beneficio, desde el d\u00eda en que formaliza su afiliaci\u00f3n o reincorporaci\u00f3n a la Caja Forense.[\/vc_column_text][vc_row_inner][vc_column_inner] [\/vc_column_inner][\/vc_row_inner][\/vc_column][\/vc_row][vc_row][vc_column][vc_column_text css=\u00bb.vc_custom_1557096882499{background-color: #025182 !important;}\u00bb] Cobertura del&hellip;<\/p>\n","protected":false},"author":1,"featured_media":0,"parent":0,"menu_order":0,"comment_status":"closed","ping_status":"closed","template":"","meta":{"footnotes":""},"class_list":["post-626","page","type-page","status-publish","hentry","description-off"],"_links":{"self":[{"href":"https:\/\/www.cajaforensesantafe.org.ar\/index.php?rest_route=\/wp\/v2\/pages\/626","targetHints":{"allow":["GET"]}}],"collection":[{"href":"https:\/\/www.cajaforensesantafe.org.ar\/index.php?rest_route=\/wp\/v2\/pages"}],"about":[{"href":"https:\/\/www.cajaforensesantafe.org.ar\/index.php?rest_route=\/wp\/v2\/types\/page"}],"author":[{"embeddable":true,"href":"https:\/\/www.cajaforensesantafe.org.ar\/index.php?rest_route=\/wp\/v2\/users\/1"}],"replies":[{"embeddable":true,"href":"https:\/\/www.cajaforensesantafe.org.ar\/index.php?rest_route=%2Fwp%2Fv2%2Fcomments&post=626"}],"version-history":[{"count":50,"href":"https:\/\/www.cajaforensesantafe.org.ar\/index.php?rest_route=\/wp\/v2\/pages\/626\/revisions"}],"predecessor-version":[{"id":3699,"href":"https:\/\/www.cajaforensesantafe.org.ar\/index.php?rest_route=\/wp\/v2\/pages\/626\/revisions\/3699"}],"wp:attachment":[{"href":"https:\/\/www.cajaforensesantafe.org.ar\/index.php?rest_route=%2Fwp%2Fv2%2Fmedia&parent=626"}],"curies":[{"name":"wp","href":"https:\/\/api.w.org\/{rel}","templated":true}]}}

<div class="wpb-content-wrapper"><p>[vc_row][vc_column][vc_single_image image=»271&#8243; img_size=»large»][vc_column_text]<br />
[/vc_column_text][/vc_column][/vc_row][vc_row][vc_column][vc_column_text]</p>
<h4><span style="color: #0000ff;"><strong>Condiciones de acceso al beneficio</strong></span></h4>
<p>[/vc_column_text][/vc_column][/vc_row][vc_row][vc_column][vc_column_text css=»»]<span style="color: #000000;">Deberá estar afiliada a la Caja Forense con anterioridad a quedar embarazada. Se establece una carencia de diez (10) meses para acceder a este beneficio, desde el día en que formaliza su afiliación o reincorporación a la Caja Forense.</span>[/vc_column_text][vc_row_inner][vc_column_inner]<br />
[/vc_column_inner][/vc_row_inner][/vc_column][/vc_row][vc_row][vc_column][vc_column_text css=».vc_custom_1557096882499{background-color: #025182 !important;}»]</p>
<h3 style="text-align: center;"><span style="color: #ffffff;">Cobertura del 100% durante el embarazo</span></h3>
<p>[/vc_column_text][vc_row_inner][vc_column_inner]<br />
[/vc_column_inner][/vc_row_inner][/vc_column][/vc_row][vc_row][vc_column width=»1/2&#8243;][vc_single_image image=»264&#8243; img_size=»large»][/vc_column][vc_column width=»1/2&#8243;][vc_column_text]</p>
<h4></h4>
<ul>
<li>
<h5><span style="color: #0000ff;"><strong><em>VISITAS MÉDICAS hasta el 8º mes</em></strong>:</span></h5>
</li>
</ul>
<p><span style="color: #000000;">A partir del mes en que presenta el certificado de embarazo a la Caja Forense, una (1) visita médica <strong><em>cada 30 días</em></strong> hasta el 8º mes inclusive, con un <strong><em><u>tope máximo de seis (6)</u></em></strong>.</span></p>
<p>Cada visita mensual deberá ser retirada dentro de dicho término, ya que las mismas NO son acumulativas</p>
<ul>
<li>
<h5><span style="color: #0000ff;"><strong><em>VISITAS MÉDICAS durante el 9º mes</em></strong>:</span></h5>
</li>
</ul>
<p><span style="color: #000000;">Una (1) visita médica <strong><em>cada siete (7) días</em></strong> y hasta la fecha probable de parto declarada en el certificado de embarazo, con un <strong><em><u>tope máximo de cuatro (4)</u></em></strong></span>.</p>
<p>Cada visita semanal deberá ser retirada dentro de dicho término, ya que las mismas NO son acumulativas.</p>
<ul>
<li>
<h5><span style="color: #0000ff;"><strong><em>ECOGRAFÍAS</em></strong>:</span></h5>
</li>
</ul>
<p><span style="color: #000000;">Dos (2) Ecografías ginecológicas</span></p>
<ul>
<li>
<h5><span style="color: #0000ff;"><strong><em>ANÁLISIS BIOQUÍMICOS</em></strong>:</span></h5>
</li>
</ul>
<p><span style="color: #000000;">Los correspondientes a los controles médicos en el primer y tercer trimestre, que incluyen: hemograma, glucemia, uremia, vdrl, toxoplasmosis (IFI), chagas (AD), HIV, hepatitis (B) y orina completa, urocultivo, exudado vaginal para detección de streptococcus beta hemolítico.</span></p>
<ul>
<li>
<h5><span style="color: #0000ff;"><strong>Un (1</strong>) <strong><em>MONITOREO FETAL</em></strong>.</span></h5>
</li>
</ul>
<ul>
<li>
<h5><span style="color: #0000ff;"><strong>Una (1)</strong> <strong><em>CONSULTA ODONTOLÓGICA Y TOPIFICACIÓN DE FLUOR</em></strong>.</span></h5>
</li>
</ul>
<ul>
<li>
<h5><span style="color: #0000ff;"><strong><em>PARTO VAGINAL</em></strong></span></h5>
</li>
</ul>
<ul>
<li>
<h5><span style="color: #0000ff;"><strong><em>CESÁREA</em></strong></span></h5>
</li>
</ul>
<p>[/vc_column_text][/vc_column][/vc_row][vc_row][vc_column][vc_empty_space][/vc_column][/vc_row][vc_row][vc_column][vc_column_text css=».vc_custom_1557097079970{background-color: #025182 !important;}»]</p>
<h3 style="text-align: center;"><span style="color: #ffffff;">Además los siguientes servicios</span></h3>
<p>[/vc_column_text][/vc_column][/vc_row][vc_row][vc_column][vc_empty_space][/vc_column][/vc_row][vc_row][vc_column width=»1/3&#8243;][vc_column_text]</p>
<h5><span style="color: #0000ff;">Una (1) ecografía morfogenética</span></h5>
<p><span style="color: #000000;">Se cubre el 75%, previa autorización</span>[/vc_column_text][/vc_column][vc_column width=»1/3&#8243;][vc_column_text]</p>
<h5><span style="color: #0000ff;">Una (1) ecografía de translucencia nucal</span></h5>
<p><span style="color: #000000;">Se cubre el 50% por reintegro, con indicación médica, factura y copia del informe</span>[/vc_column_text][/vc_column][vc_column width=»1/3&#8243;][vc_column_text]</p>
<h5><span style="color: #0000ff;">Habitación privada</span></h5>
<p><i><span style="color: #000000;">Se cubre 50% del gasto con tope por día (por reintegro). Ver valores actualizados en Área Salud &#8211; VALORES DE PRÁCTICAS. o haga</span> <span style="color: #0000ff;"><strong><a style="color: #0000ff;" href="https://www.cajaforensesantafe.org.ar/wp-content/uploads/2024/03/2024-Plantilla-de-valores-prestacionales-PARA-PUBLICAR-al-01-de-Marzo-2024.pdf">click aquí</a></strong></span></i>[/vc_column_text][/vc_column][/vc_row][vc_row][vc_column][vc_empty_space][/vc_column][/vc_row][vc_row][vc_column][vc_column_text]</p>
<h4><span style="color: #0000ff;"><strong>Tope de Valores en Plan Materno</strong></span></h4>
<p>[/vc_column_text][/vc_column][/vc_row][vc_row][vc_column][vc_empty_space][/vc_column][/vc_row][vc_row][vc_column][vc_column_text]</p>
<p><span style="color: #000000;">Teniendo en cuenta que los valores vigentes en otras provincias para la cobertura del Plan Materno difieren sustancialmente de los acordados con prestadores de nuestra provincia, a partir del 1º/5/19, las prácticas a realizarse en otra provincias recibirán la cobertura económica hasta el máximo valor acordado con prestadores de la provincia de Santa Fe, debiendo el afiliado asumir el costo que supere los mismos, a excepción de aquellas prestaciones que por su complejidad no puedan ser realizadas en nuestra provincia. Rogamos consultar con el Área de Salud a los fines de interiorizarse en forma previa a la realización de cualquier tipo de práctica.</span></p>
<p>[/vc_column_text][/vc_column][/vc_row]</p>
</div>

<p>[vc_row][vc_column][vc_single_image image=»271&#8243; img_size=»large»][vc_column_text] [/vc_column_text][/vc_column][/vc_row][vc_row][vc_column][vc_column_text] Condiciones de acceso al beneficio [/vc_column_text][/vc_column][/vc_row][vc_row][vc_column][vc_column_text css=»»]Deberá estar afiliada a la Caja Forense con anterioridad a quedar embarazada. Se establece una carencia de diez (10) meses para acceder a este beneficio, desde el día en que formaliza su afiliación o reincorporación a la Caja Forense.[/vc_column_text][vc_row_inner][vc_column_inner] [/vc_column_inner][/vc_row_inner][/vc_column][/vc_row][vc_row][vc_column][vc_column_text css=».vc_custom_1557096882499{background-color: #025182 !important;}»] Cobertura del&hellip;</p>
