{"id":652,"date":"2015-11-21T15:47:58","date_gmt":"2015-11-21T15:47:58","guid":{"rendered":"https:\/\/www.cajaforensesantafe.org.ar\/?page_id=652"},"modified":"2025-08-12T12:23:38","modified_gmt":"2025-08-12T12:23:38","slug":"plan-infantil","status":"publish","type":"page","link":"https:\/\/www.cajaforensesantafe.org.ar\/?page_id=652","title":{"rendered":"PLAN INFANTIL"},"content":{"rendered":"<div class=\"wpb-content-wrapper\"><p>[vc_row][vc_column][vc_single_image image=\u00bb653&#8243; img_size=\u00bblarge\u00bb][\/vc_column][\/vc_row][vc_row][vc_column][vc_empty_space][\/vc_column][\/vc_row][vc_row][vc_column][vc_column_text]<\/p>\n<h4><span style=\"color: #0000ff;\"><strong>Condiciones de acceso al beneficio<\/strong><\/span><\/h4>\n<p><span style=\"color: #000000;\">Los titulares de cuenta deben afiliar al reci\u00e9n nacido en la instituci\u00f3n en forma personal, dentro de los treinta (30) d\u00edas posteriores al nacimiento, a fin de obtener el beneficio inmediato sin carencia.<\/span><\/p>\n<p><span style=\"color: #000000;\">El titular de la cuenta debe estar habilitado con una antig\u00fcedad m\u00ednima de diez (10) meses para que el reci\u00e9n nacido pueda acceder a los beneficios sin carencia.<\/span><\/p>\n<p><span style=\"color: #000000;\">Si su lugar de residencia es en Santa Fe, deber\u00e1 concurrir al \u00c1rea Afiliaciones de Caja Forense; o en caso de tener su domicilio en alguna localidad del interior, en la Delegaci\u00f3n que le corresponda.<\/span>[\/vc_column_text][\/vc_column][\/vc_row][vc_row][vc_column][vc_empty_space][\/vc_column][\/vc_row][vc_row][vc_column][vc_column_text css=\u00bb\u00bb]<\/p>\n<h4><span style=\"color: #0000ff;\"><strong>Cobertura de 100% en<\/strong><\/span><\/h4>\n<ul>\n<li>\n<h5><span style=\"color: #000080;\"><strong><em>VISITAS M\u00c9DICAS<\/em><\/strong>:<\/span><\/h5>\n<p><span style=\"color: #000000;\">A partir de la fecha de afiliaci\u00f3n, UNA (1) visita m\u00e9dica cada treinta (30) d\u00edas, hasta cumplir el primer a\u00f1o de vida, la cual deber\u00e1 ser retirada dentro de dicho t\u00e9rmino, ya que las mismas NO son acumulativas.<\/span><\/p>\n<p><span style=\"color: #000080;\"><strong><em>VACUNAS<\/em><\/strong>:<\/span><\/li>\n<\/ul>\n<ul>\n<li><span style=\"color: #000000;\">Las vacunas que \u2013no estando previstas en el calendario obligatorio-, fueran recetadas por el m\u00e9dico pediatra.<\/span><\/li>\n<\/ul>\n<p><strong>\u00a0 \u00a0 \u00a0 \u00a0<\/strong><span style=\"color: #000080;\"><em><strong>Condiciones de Acceso a las Vacunas:<\/strong><\/em><\/span><\/p>\n<ol>\n<li><span style=\"color: #000000;\">Deber\u00e1n estar incluidas en nuestro vadem\u00e9cum, que puede consultarse\u00a0<a style=\"color: #000000;\" href=\"https:\/\/www.cajaforensesantafe.org.ar\/wp-content\/uploads\/2018\/02\/Caja-Forense-Vacunas-febrero-2018.pdf\">aqu\u00ed<\/a><\/span><\/li>\n<li><span style=\"color: #000000;\">Deber\u00e1 presentar en cualquier farmacia adherida al Colegio de Farmac\u00e9uticos: receta m\u00e9dica y Credencial de Afiliaci\u00f3n a Caja Forense.<\/span><\/li>\n<li><span style=\"color: #000000;\">Esta cobertura es hasta el d\u00eda en que cumple los doce (12) a\u00f1os de edad. En caso que el ni\u00f1o haya sido afiliado con posterioridad al primer mes de vida, tendr\u00e1 una carencia de treinta (30) d\u00edas desde la fecha de afiliaci\u00f3n.<\/span><\/li>\n<\/ol>\n<ul>\n<li>\n<h5><span style=\"color: #000080;\"><strong><em>INTERNACIONES<\/em><\/strong>:<\/span><\/h5>\n<p><span style=\"color: #000000;\">Cl\u00ednicas, quir\u00fargicas, neonatales, unidad terapia intensiva, cuidados especiales (incluyendo anestesia, alimentaci\u00f3n parenteral y an\u00e1lisis) durante el primer a\u00f1o de vida.<\/span><\/li>\n<\/ul>\n<ul>\n<li>\n<h5><span style=\"color: #000080;\"><strong><em>PR\u00d3TESIS<\/em><\/strong>:<\/span><\/h5>\n<p><span style=\"color: #000000;\">50 % de cobertura.<\/span><\/li>\n<\/ul>\n<ul>\n<li>\n<h5><span style=\"color: #000080;\"><strong><em>LECHE MATERNIZADA<\/em><\/strong><\/span>:<\/h5>\n<p><span style=\"color: #000000;\">En el caso en que el m\u00e9dico pediatra lo indique, deber\u00e1 solicitar el acceso al servicio presentando la historia cl\u00ednica que lo justifique. Cumplimentado lo anterior, se prev\u00e9 la cobertura de hasta 9 Kg. de leche maternizada (incluida en nuestro vadem\u00e9cum \u2013consultarlo <a style=\"color: #000000;\" href=\"https:\/\/www.cajaforensesantafe.org.ar\/wp-content\/uploads\/2017\/08\/Leches-con-provisi\u00f3n-08-17.xls\">aqu\u00ed<\/a>), hasta el d\u00eda en que cumple los tres (3) meses de vida.<\/span><\/li>\n<\/ul>\n<p><span style=\"color: #0000ff;\"><strong>\u00a0 \u00a0 \u00a0 \u00a0<\/strong><span style=\"color: #000080;\"><strong>Condiciones de Acceso a la Leche Maternizada<\/strong><\/span><\/span><\/p>\n<ol>\n<li><span style=\"color: #000000;\">La cobertura ser\u00e1 por reposici\u00f3n, en cualquier farmacia adherida al Colegio de Farmac\u00e9uticos presentando la receta m\u00e9dica pedi\u00e1trica y la credencial de Afiliaci\u00f3n a la Caja Forense.<\/span><\/li>\n<li><span style=\"color: #000000;\">La provisi\u00f3n de la leche maternizada a trav\u00e9s del sistema del Colegio de Farmac\u00e9uticos, contempla la entrega de hasta tres (3) kgs. por mes, no pudi\u00e9ndose acumular los 9 kgs. en un mismo mes.<\/span><\/li>\n<\/ol>\n<p>[\/vc_column_text][\/vc_column][\/vc_row][vc_row][vc_column][vc_empty_space][\/vc_column][\/vc_row][vc_row][vc_column][vc_column_text]<\/p>\n<h6 class=\"imAlign_justify\"><span style=\"color: #000080;\"><strong><span class=\"ff2 fc0 fs10 \">Para consultar <\/span><span class=\"ff7 fc4 fs14 fb \">Vademecums <\/span><\/strong><\/span><span class=\"ff2 fc0 fs10 \"><span style=\"color: #000080;\"><strong>de:<\/strong><\/span><br \/>\n<\/span><\/h6>\n<p class=\"imAlign_center\"><span class=\"ff7 fc4 fs14 fb \">Leches<\/span><span class=\"ff2 fc0 fs10 \"> haga clic <a class=\"ImLink\" title=\"\" href=\"https:\/\/www.cajaforensesantafe.org.ar\/wp-content\/uploads\/2017\/08\/Leches-con-provisi\u00f3n-08-17.pdf\">AQUI<\/a>.<br \/>\n<\/span><span class=\"ff7 fc4 fs14 fb \">Vacunas<\/span><span class=\"ff2 fc0 fs10 \">, haga clic <a href=\"https:\/\/www.cajaforensesantafe.org.ar\/wp-content\/uploads\/2018\/02\/Caja-Forense-Vacunas-febrero-2018.pdf\" target=\"_blank\" rel=\"noopener\">AQUI<\/a><\/span><\/p>\n<p>[\/vc_column_text][\/vc_column][\/vc_row][vc_row][vc_column][vc_empty_space][\/vc_column][\/vc_row][vc_row][vc_column][vc_column_text]<\/p>\n<h4><span style=\"color: #0000ff;\"><strong>Tope de Valores en Plan Infantil<\/strong><\/span><\/h4>\n<p><span style=\"color: #000000;\">Teniendo en cuenta que los valores vigentes en otras provincias para la cobertura del Plan Infantil difieren sustancialmente de los acordados con prestadores de nuestra provincia, las pr\u00e1cticas a realizarse en otras provincias recibir\u00e1n la cobertura econ\u00f3mica hasta el m\u00e1ximo valor acordado con prestadores de la provincia de Santa Fe, debiendo el afiliado asumir el costo que supere los mismos, a excepci\u00f3n de aquellas prestaciones que por su complejidad no puedan ser realizadas en nuestra provincia.<\/span><\/p>\n<p><span style=\"color: #000000;\">Rogamos consultar con el \u00c1rea de Salud a los fines de interiorizarse en forma previa a la realizaci\u00f3n de cualquier tipo de pr\u00e1ctica.<\/span>[\/vc_column_text][\/vc_column][\/vc_row][vc_row][vc_column][vc_empty_space][\/vc_column][\/vc_row][vc_row][vc_column][vc_single_image image=\u00bb660&#8243; img_size=\u00bblarge\u00bb][\/vc_column][\/vc_row]<\/p>\n<\/div>","protected":false},"excerpt":{"rendered":"<p>[vc_row][vc_column][vc_single_image image=\u00bb653&#8243; img_size=\u00bblarge\u00bb][\/vc_column][\/vc_row][vc_row][vc_column][vc_empty_space][\/vc_column][\/vc_row][vc_row][vc_column][vc_column_text] Condiciones de acceso al beneficio Los titulares de cuenta deben afiliar al reci\u00e9n nacido en la instituci\u00f3n en forma personal, dentro de los treinta (30) d\u00edas posteriores al nacimiento, a fin de obtener el beneficio inmediato sin carencia. El titular de la cuenta debe estar habilitado con una antig\u00fcedad m\u00ednima de diez&hellip;<\/p>\n","protected":false},"author":1,"featured_media":0,"parent":0,"menu_order":0,"comment_status":"closed","ping_status":"closed","template":"","meta":{"footnotes":""},"class_list":["post-652","page","type-page","status-publish","hentry","description-off"],"_links":{"self":[{"href":"https:\/\/www.cajaforensesantafe.org.ar\/index.php?rest_route=\/wp\/v2\/pages\/652","targetHints":{"allow":["GET"]}}],"collection":[{"href":"https:\/\/www.cajaforensesantafe.org.ar\/index.php?rest_route=\/wp\/v2\/pages"}],"about":[{"href":"https:\/\/www.cajaforensesantafe.org.ar\/index.php?rest_route=\/wp\/v2\/types\/page"}],"author":[{"embeddable":true,"href":"https:\/\/www.cajaforensesantafe.org.ar\/index.php?rest_route=\/wp\/v2\/users\/1"}],"replies":[{"embeddable":true,"href":"https:\/\/www.cajaforensesantafe.org.ar\/index.php?rest_route=%2Fwp%2Fv2%2Fcomments&post=652"}],"version-history":[{"count":24,"href":"https:\/\/www.cajaforensesantafe.org.ar\/index.php?rest_route=\/wp\/v2\/pages\/652\/revisions"}],"predecessor-version":[{"id":3700,"href":"https:\/\/www.cajaforensesantafe.org.ar\/index.php?rest_route=\/wp\/v2\/pages\/652\/revisions\/3700"}],"wp:attachment":[{"href":"https:\/\/www.cajaforensesantafe.org.ar\/index.php?rest_route=%2Fwp%2Fv2%2Fmedia&parent=652"}],"curies":[{"name":"wp","href":"https:\/\/api.w.org\/{rel}","templated":true}]}}

<div class="wpb-content-wrapper"><p>[vc_row][vc_column][vc_single_image image=»653&#8243; img_size=»large»][/vc_column][/vc_row][vc_row][vc_column][vc_empty_space][/vc_column][/vc_row][vc_row][vc_column][vc_column_text]</p>
<h4><span style="color: #0000ff;"><strong>Condiciones de acceso al beneficio</strong></span></h4>
<p><span style="color: #000000;">Los titulares de cuenta deben afiliar al recién nacido en la institución en forma personal, dentro de los treinta (30) días posteriores al nacimiento, a fin de obtener el beneficio inmediato sin carencia.</span></p>
<p><span style="color: #000000;">El titular de la cuenta debe estar habilitado con una antigüedad mínima de diez (10) meses para que el recién nacido pueda acceder a los beneficios sin carencia.</span></p>
<p><span style="color: #000000;">Si su lugar de residencia es en Santa Fe, deberá concurrir al Área Afiliaciones de Caja Forense; o en caso de tener su domicilio en alguna localidad del interior, en la Delegación que le corresponda.</span>[/vc_column_text][/vc_column][/vc_row][vc_row][vc_column][vc_empty_space][/vc_column][/vc_row][vc_row][vc_column][vc_column_text css=»»]</p>
<h4><span style="color: #0000ff;"><strong>Cobertura de 100% en</strong></span></h4>
<ul>
<li>
<h5><span style="color: #000080;"><strong><em>VISITAS MÉDICAS</em></strong>:</span></h5>
<p><span style="color: #000000;">A partir de la fecha de afiliación, UNA (1) visita médica cada treinta (30) días, hasta cumplir el primer año de vida, la cual deberá ser retirada dentro de dicho término, ya que las mismas NO son acumulativas.</span></p>
<p><span style="color: #000080;"><strong><em>VACUNAS</em></strong>:</span></li>
</ul>
<ul>
<li><span style="color: #000000;">Las vacunas que –no estando previstas en el calendario obligatorio-, fueran recetadas por el médico pediatra.</span></li>
</ul>
<p><strong>       </strong><span style="color: #000080;"><em><strong>Condiciones de Acceso a las Vacunas:</strong></em></span></p>
<ol>
<li><span style="color: #000000;">Deberán estar incluidas en nuestro vademécum, que puede consultarse <a style="color: #000000;" href="https://www.cajaforensesantafe.org.ar/wp-content/uploads/2018/02/Caja-Forense-Vacunas-febrero-2018.pdf">aquí</a></span></li>
<li><span style="color: #000000;">Deberá presentar en cualquier farmacia adherida al Colegio de Farmacéuticos: receta médica y Credencial de Afiliación a Caja Forense.</span></li>
<li><span style="color: #000000;">Esta cobertura es hasta el día en que cumple los doce (12) años de edad. En caso que el niño haya sido afiliado con posterioridad al primer mes de vida, tendrá una carencia de treinta (30) días desde la fecha de afiliación.</span></li>
</ol>
<ul>
<li>
<h5><span style="color: #000080;"><strong><em>INTERNACIONES</em></strong>:</span></h5>
<p><span style="color: #000000;">Clínicas, quirúrgicas, neonatales, unidad terapia intensiva, cuidados especiales (incluyendo anestesia, alimentación parenteral y análisis) durante el primer año de vida.</span></li>
</ul>
<ul>
<li>
<h5><span style="color: #000080;"><strong><em>PRÓTESIS</em></strong>:</span></h5>
<p><span style="color: #000000;">50 % de cobertura.</span></li>
</ul>
<ul>
<li>
<h5><span style="color: #000080;"><strong><em>LECHE MATERNIZADA</em></strong></span>:</h5>
<p><span style="color: #000000;">En el caso en que el médico pediatra lo indique, deberá solicitar el acceso al servicio presentando la historia clínica que lo justifique. Cumplimentado lo anterior, se prevé la cobertura de hasta 9 Kg. de leche maternizada (incluida en nuestro vademécum –consultarlo <a style="color: #000000;" href="https://www.cajaforensesantafe.org.ar/wp-content/uploads/2017/08/Leches-con-provisión-08-17.xls">aquí</a>), hasta el día en que cumple los tres (3) meses de vida.</span></li>
</ul>
<p><span style="color: #0000ff;"><strong>       </strong><span style="color: #000080;"><strong>Condiciones de Acceso a la Leche Maternizada</strong></span></span></p>
<ol>
<li><span style="color: #000000;">La cobertura será por reposición, en cualquier farmacia adherida al Colegio de Farmacéuticos presentando la receta médica pediátrica y la credencial de Afiliación a la Caja Forense.</span></li>
<li><span style="color: #000000;">La provisión de la leche maternizada a través del sistema del Colegio de Farmacéuticos, contempla la entrega de hasta tres (3) kgs. por mes, no pudiéndose acumular los 9 kgs. en un mismo mes.</span></li>
</ol>
<p>[/vc_column_text][/vc_column][/vc_row][vc_row][vc_column][vc_empty_space][/vc_column][/vc_row][vc_row][vc_column][vc_column_text]</p>
<h6 class="imAlign_justify"><span style="color: #000080;"><strong><span class="ff2 fc0 fs10 ">Para consultar </span><span class="ff7 fc4 fs14 fb ">Vademecums </span></strong></span><span class="ff2 fc0 fs10 "><span style="color: #000080;"><strong>de:</strong></span><br />
</span></h6>
<p class="imAlign_center"><span class="ff7 fc4 fs14 fb ">Leches</span><span class="ff2 fc0 fs10 "> haga clic <a class="ImLink" title="" href="https://www.cajaforensesantafe.org.ar/wp-content/uploads/2017/08/Leches-con-provisión-08-17.pdf">AQUI</a>.<br />
</span><span class="ff7 fc4 fs14 fb ">Vacunas</span><span class="ff2 fc0 fs10 ">, haga clic <a href="https://www.cajaforensesantafe.org.ar/wp-content/uploads/2018/02/Caja-Forense-Vacunas-febrero-2018.pdf" target="_blank" rel="noopener">AQUI</a></span></p>
<p>[/vc_column_text][/vc_column][/vc_row][vc_row][vc_column][vc_empty_space][/vc_column][/vc_row][vc_row][vc_column][vc_column_text]</p>
<h4><span style="color: #0000ff;"><strong>Tope de Valores en Plan Infantil</strong></span></h4>
<p><span style="color: #000000;">Teniendo en cuenta que los valores vigentes en otras provincias para la cobertura del Plan Infantil difieren sustancialmente de los acordados con prestadores de nuestra provincia, las prácticas a realizarse en otras provincias recibirán la cobertura económica hasta el máximo valor acordado con prestadores de la provincia de Santa Fe, debiendo el afiliado asumir el costo que supere los mismos, a excepción de aquellas prestaciones que por su complejidad no puedan ser realizadas en nuestra provincia.</span></p>
<p><span style="color: #000000;">Rogamos consultar con el Área de Salud a los fines de interiorizarse en forma previa a la realización de cualquier tipo de práctica.</span>[/vc_column_text][/vc_column][/vc_row][vc_row][vc_column][vc_empty_space][/vc_column][/vc_row][vc_row][vc_column][vc_single_image image=»660&#8243; img_size=»large»][/vc_column][/vc_row]</p>
</div>

<p>[vc_row][vc_column][vc_single_image image=»653&#8243; img_size=»large»][/vc_column][/vc_row][vc_row][vc_column][vc_empty_space][/vc_column][/vc_row][vc_row][vc_column][vc_column_text] Condiciones de acceso al beneficio Los titulares de cuenta deben afiliar al recién nacido en la institución en forma personal, dentro de los treinta (30) días posteriores al nacimiento, a fin de obtener el beneficio inmediato sin carencia. El titular de la cuenta debe estar habilitado con una antigüedad mínima de diez&hellip;</p>
