{"id":666,"date":"2015-12-09T20:14:05","date_gmt":"2015-12-09T20:14:05","guid":{"rendered":"https:\/\/www.cajaforensesantafe.org.ar\/?page_id=666"},"modified":"2024-11-04T15:06:47","modified_gmt":"2024-11-04T15:06:47","slug":"plan-diabetes","status":"publish","type":"page","link":"https:\/\/www.cajaforensesantafe.org.ar\/?page_id=666","title":{"rendered":"PLAN DIABETES"},"content":{"rendered":"<div class=\"wpb-content-wrapper\"><p>[vc_row][vc_column width=\u00bb1\/1&#8243;][vc_single_image image=\u00bb667&#8243; border_color=\u00bbgrey\u00bb img_link_large=\u00bb\u00bb img_link_target=\u00bb_self\u00bb img_size=\u00bblarge\u00bb][\/vc_column][\/vc_row][vc_row][vc_column width=\u00bb1\/1&#8243;][vc_column_text]<\/p>\n<div id=\"imPage\">\n<div id=\"imCel0_00\">\n<div id=\"imCel0_00_Cont\">\n<div id=\"imObj0_00\">\n<p>&nbsp;<\/p>\n<p><span style=\"color: #000000;\">A fin de ser perfilado en este plan, los afiliados beneficiarios deber\u00e1n poseer una antig\u00fcedad y\/o habilitaci\u00f3n m\u00ednima de ciento ochenta (180) d\u00edas. Para acceder a la cobertura de este Plan, deber\u00e1:<\/span><\/p>\n<p class=\"x_imalignleft\"><span style=\"color: #000000;\"><span class=\"x_ff2\">\u00b7\u00a0\u00a0\u00a0\u00a0\u00a0\u00a0\u00a0\u00a0\u00a0<\/span><span class=\"x_ff2\">Para acceder a este Plan, su\u00a0<\/span>Endocrin\u00f3logo tratante<span class=\"x_ff2\">\u00a0deber\u00e1\u00a0<\/span><span lang=\"ES-TRAD\">cargar la Ficha Electr\u00f3nica en la plataforma de prescripci\u00f3n electr\u00f3nica que tiene disponible a tal fin, y adjuntar a la misma el resultado de los estudios actuales, correspondientes al diagn\u00f3stico. A efectos de prever la entrega a tiempo de sus medicamentos, tenga en cuenta que la autorizaci\u00f3n del tratamiento tiene una demora aproximada de 72 hs. h\u00e1biles desde la presentaci\u00f3n del tr\u00e1mite completo (ficha y estudios).<\/span><\/span><\/p>\n<p class=\"x_MsoNormal\" align=\"left\"><span style=\"color: #000000;\">La ficha deber\u00e1 ser actualizada cada (seis) 6 meses o ante cualquier cambio en la Medicaci\u00f3n.<\/span><\/p>\n<\/div>\n<\/div>\n<\/div>\n<\/div>\n<p>[\/vc_column_text][\/vc_column][\/vc_row]<\/p>\n<\/div>","protected":false},"excerpt":{"rendered":"<p>[vc_row][vc_column width=\u00bb1\/1&#8243;][vc_single_image image=\u00bb667&#8243; border_color=\u00bbgrey\u00bb img_link_large=\u00bb\u00bb img_link_target=\u00bb_self\u00bb img_size=\u00bblarge\u00bb][\/vc_column][\/vc_row][vc_row][vc_column width=\u00bb1\/1&#8243;][vc_column_text] &nbsp; A fin de ser perfilado en este plan, los afiliados beneficiarios deber\u00e1n poseer una antig\u00fcedad y\/o habilitaci\u00f3n m\u00ednima de ciento ochenta (180) d\u00edas. Para acceder a la cobertura de este Plan, deber\u00e1: \u00b7\u00a0\u00a0\u00a0\u00a0\u00a0\u00a0\u00a0\u00a0\u00a0Para acceder a este Plan, su\u00a0Endocrin\u00f3logo tratante\u00a0deber\u00e1\u00a0cargar la Ficha Electr\u00f3nica en la plataforma de&hellip;<\/p>\n","protected":false},"author":1,"featured_media":0,"parent":0,"menu_order":0,"comment_status":"closed","ping_status":"closed","template":"","meta":{"footnotes":""},"class_list":["post-666","page","type-page","status-publish","hentry","description-off"],"_links":{"self":[{"href":"https:\/\/www.cajaforensesantafe.org.ar\/index.php?rest_route=\/wp\/v2\/pages\/666","targetHints":{"allow":["GET"]}}],"collection":[{"href":"https:\/\/www.cajaforensesantafe.org.ar\/index.php?rest_route=\/wp\/v2\/pages"}],"about":[{"href":"https:\/\/www.cajaforensesantafe.org.ar\/index.php?rest_route=\/wp\/v2\/types\/page"}],"author":[{"embeddable":true,"href":"https:\/\/www.cajaforensesantafe.org.ar\/index.php?rest_route=\/wp\/v2\/users\/1"}],"replies":[{"embeddable":true,"href":"https:\/\/www.cajaforensesantafe.org.ar\/index.php?rest_route=%2Fwp%2Fv2%2Fcomments&post=666"}],"version-history":[{"count":5,"href":"https:\/\/www.cajaforensesantafe.org.ar\/index.php?rest_route=\/wp\/v2\/pages\/666\/revisions"}],"predecessor-version":[{"id":3046,"href":"https:\/\/www.cajaforensesantafe.org.ar\/index.php?rest_route=\/wp\/v2\/pages\/666\/revisions\/3046"}],"wp:attachment":[{"href":"https:\/\/www.cajaforensesantafe.org.ar\/index.php?rest_route=%2Fwp%2Fv2%2Fmedia&parent=666"}],"curies":[{"name":"wp","href":"https:\/\/api.w.org\/{rel}","templated":true}]}}